ided by 102?
98
What is the remainder when 827 is divided by 13?
8
What is the remainder when 278 is divided by 28?
26
What is the remainder when 1065 is divided by 82?
81
What is the remainder when 105 is divided by 24?
9
What is the remainder when 24415 is divided by 20?
15
Calculate the remainder when 80 is divided by 18.
8
Calculate the remainder when 820 is divided by 63.
1
Calculate the remainder when 528 is divided by 107.
100
What is the remainder when 128 is divided by 19?
14
What is the remainder when 6220 is divided by 61?
59
What is the remainder when 297 is divided by 49?
3
What is the remainder when 98 is divided by 9?
8
Calculate the remainder when 598 is divided by 164.
106
What is the remainder when 5929 is divided by 86?
81
Calculate the remainder when 90 is divided by 32.
26
What is the remainder when 3202 is divided by 18?
16
What is the remainder when 328 is divided by 47?
46
Calculate the remainder when 105 is divided by 51.
3
Calculate the remainder when 258 is divided by 52.
50
What is the remainder when 724 is divided by 105?
94
What is the remainder when 14036 is divided by 101?
98
What is the remainder when 198 is divided by 50?
48
Calculate the remainder when 66 is divided by 23.
20
What is the remainder when 156 is divided by 50?
6
What is the remainder when 448 is divided by 205?
38
What is the remainder when 6206 is divided by 54?
50
What is the remainder when 14361 is divided by 84?
81
What is the remainder when 98 is divided by 5?
3
Calculate the remainder when 189 is divided by 57.
18
Calculate the remainder when 895 is divided by 64.
63
Calculate the remainder when 12 is divided by 2.
0
Calculate the remainder when 46 is divided by 19.
8
What is the remainder when 977 is divided by 175?
102
Calculate the remainder when 5571 is divided by 28.
27
Calculate the remainder when 182 is divided by 59.
5
What is the remainder when 607 is divided by 277?
53
What is the remainder when 30 is divided by 28?
2
What is the remainder when 173 is divided by 34?
3
Calculate the remainder when 183 is divided by 37.
35
What is the remainder when 105 is divided by 39?
27
Calculate the remainder when 92 is divided by 18.
2
What is the remainder when 5340 is divided by 1779?
3
What is the remainder when 28 is divided by 17?
11
Calculate the remainder when 229 is divided by 18.
13
What is the remainder when 4038 is divided by 5?
3
Calculate the remainder when 1480 is divided by 214.
196
What is the remainder when 24 is divided by 19?
5
What is the remainder when 197 is divided by 55?
32
What is the remainder when 277 is divided by 46?
1
Calculate the remainder when 223 is divided by 49.
27
What is the remainder when 1732 is divided by 28?
24
Calculate the remainder when 502 is divided by 72.
70
What is the remainder when 792 is divided by 13?
12
What is the remainder when 977 is divided by 453?
71
Calculate the remainder when 583 is divided by 144.
7
What is the remainder when 5630 is divided by 2814?
2
Calculate the remainder when 22 is divided by 2.
0
Calculate the remainder when 1431 is divided by 32.
23
Calculate the remainder when 911 is divided by 186.
167
Calculate the remainder when 531 is divided by 41.
39
What is the remainder when 92 is divided by 8?
4
What is the remainder when 199 is divided by 13?
4
Calculate the remainder when 76 is divided by 10.
6
Calculate the remainder when 45 is divided by 42.
3
What is the remainder when 1152 is divided by 161?
25
Calculate the remainder when 1418 is divided by 18.
14
What is the remainder when 354 is divided by 52?
42
Calculate the remainder when 221 is divided by 37.
36
What is the remainder when 343 is divided by 14?
7
What is the remainder when 19070 is divided by 32?
30
Calculate the remainder when 1388 is divided by 48.
44
Calculate the remainder when 534 is divided by 63.
30
Calculate the remainder when 90 is divided by 27.
9
Calculate the remainder when 114 is divided by 27.
6
Calculate the remainder when 318 is divided by 44.
10
Calculate the remainder when 437 is divided by 40.
37
Calculate the remainder when 610 is divided by 68.
66
What is the remainder when 265 is divided by 64?
9
What is the remainder when 207 is divided by 73?
61
Calculate the remainder when 59 is divided by 10.
9
What is the remainder when 1005 is divided by 53?
51
What is the remainder when 54 is divided by 36?
18
What is the remainder when 75 is divided by 29?
17
Calculate the remainder when 179 is divided by 20.
19
What is the remainder when 1536 is divided by 70?
66
What is the remainder when 17 is divided by 5?
2
Calculate the remainder when 248 is divided by 127.
121
What is the remainder when 589 is divided by 99?
94
What is the remainder when 61797 is divided by 30?
27
What is the remainder when 460 is divided by 52?
44
Calculate the remainder when 531 is divided by 37.
13
Calculate the remainder when 82 is divided by 44.
38
Calculate the remainder when 127 is divided by 89.
38
What is the remainder when 999 is divided by 328?
15
What is the remainder when 51 is divided by 50?
1
What is the remainder when 115 is divided by 28?
3
Calculate the remainder when 587 is divided by 4.
3
Calculate the remainder when 410 is divided by 65.
20
What is the remainder when 1823 is divided by 366?
359
Calculate the remainder when 49 is divided by 5.
4
What is the remainder when 444 is divided by 100?
44
Calculate the remainder when 17927 is divided by 83.
82
What is the remainder when 4834 is divided by 11?
5
Calculate the remainder when 351 is divided by 89.
84
Calculate the remainder when 275 is divided by 93.
89
Calculate the remainder when 1884 is divided by 46.
44
What is the remainder when 740 is divided by 108?
92
Calculate the remainder when 451 is divided by 5.
1
Calculate the remainder when 146 is divided by 57.
32
What is the remainder when 659 is divided by 10?
9
What is the remainder when 22313 is divided by 28?
25
What is the remainder when 94 is divided by 14?
10
What is the remainder when 352 is divided by 168?
16
Calculate the remainder when 118 is divided by 7.
6
What is the remainder when 534 is divided by 100?
34
Calculate the remainder when 374 is divided by 47.
45
Calculate the remainder when 1457 is divided by 69.
8
What is the remainder when 107 is divided by 4?
3
Calculate the remainder when 9069 is divided by 18.
15
What is the remainder when 151 is divided by 2?
1
What is the remainder when 51741 is divided by 16?
13
Calculate the remainder when 173 is divided by 37.
25
Calculate the remainder when 393 is divided by 18.
15
Calculate the remainder when 454 is divided by 83.
39
Calculate the remainder when 1713 is divided by 110.
63
Calculate the remainder when 22 is divided by 8.
6
Calculate the remainder when 1198 is divided by 304.
286
Calculate the remainder when 350 is divided by 91.
77
What is the remainder when 172 is divided by 28?
4
Calculate the remainder when 286 is divided by 32.
30
Calculate the remainder when 263 is divided by 12.
11
What is the remainder when 3238 is divided by 27?
25
What is the remainder when 68 is divided by 8?
4
What is the remainder when 13417 is divided by 9?
7
Calculate the remainder when 482 is divided by 69.
68
What is the remainder when 344 is divided by 175?
169
What is the remainder when 37 is divided by 28?
9
Calculate the remainder when 18631 is divided by 136.
135
Calculate the remainder when 193 is divided by 93.
7
What is the remainder when 1479 is divided by 300?
279
What is the remainder when 953 is divided by 33?
29
What is the remainder when 1826 is divided by 59?
56
What is the remainder when 3266 is divided by 126?
116
Calculate the remainder when 121 is divided by 56.
9
Calculate the remainder when 1882 is divided by 470.
2
Calculate the remainder when 84 is divided by 31.
22
What is the remainder when 268 is divided by 102?
64
What is the remainder when 10 is divided by 4?
2
What is the remainder when 98 is divided by 26?
20
What is the remainder when 282 is divided by 16?
10
What is the remainder when 1495 is divided by 78?
13
Calculate the remainder when 664 is divided by 176.
136
What is the remainder when 23 is divided by 9?
5
What is the remainder when 132 is divided by 57?
18
What is the remainder when 271 is d